*3 + 5*o**2 + 11*o + 10. Let y be q(-2). Suppose -2*i - 2 = -5*u, i - 5*u + 1 = -y*i. Calculate l(i).
-12
Let y = 13 - 8. Let s(b) be the third derivative of -1/6*b**3 + 72*b**2 + 0 + 1/6*b**4 + b. Determine s(y).
19
Let q(k) = 0*k - 102 + 64 - k + 53. Give q(5).
10
Let o(f) = -10 + 75*f + 4 - 19 - 15 - 79*f. Give o(-8).
-8
Suppose -5*p = 8 - 18. Let h(v) = 62*v**p + 5*v**3 - 45*v**2 - 4*v**3 + 6. Let j be h(-17). Let y(n) = n**3 - 5*n**2 - 6*n + 8. Give y(j).
8
Let u = -3943 + 3949. Let y(w) = 7*w - 44. Let m(t) = -7*t + 44. Let b(r) = 4*m(r) + 5*y(r). Let d be b(u). Let n(k) = 6*k - 1. What is n(d)?
-13
Let o be (-132)/(-60) - (-66)/(-55). Let c(z) = 40*z - 16. What is c(o)?
24
Suppose 4*i - 20 = -6*t + 2*t, 0 = 2*i - t - 10. Let v(l) = -l - 5. Calculate v(i).
-10
Suppose -61*y + 58*y = -4*z + 5, -6*y - 34 = -2*z. Let f(l) = 3*l**2 + 3*l - 4. Let a(n) = -5*n**2 - 5*n + 7. Let u(t) = -4*a(t) - 7*f(t). Calculate u(z).
-12
Let x be 24/18*30/4. Suppose -x*m + 12*m - 28 = 0. Suppose -3*a + l - m = 0, 0 = -3*a + 7*a + 4*l + 40. Let q(h) = -h + 2. Determine q(a).
8
Let s = 212 + -188. Suppose s*z - 22 = -358. Let v(l) = -l - 14. What is v(z)?
0
Let l(z) = z**2 + 3*z - 5. Let n = 0 - -2. Suppose -4*a - n = -10. Suppose -a*v + 12 = -5*x, -v + 5*x + 2 = -14. What is l(v)?
-1
Suppose -5*w - 4 = -24. Suppose i = 0, 4 + w = 4*s - 2*i. Let a(t) = 5*t**s + 7*t - 53 - 55 + 100 - t**3. What is a(6)?
-2
Let b(t) = 4*t**3 + 2*t**2 + 8*t - 6. Let k(g) = -4*g**2 + 2*g - 3. Let p be k(1). Let u(l) = l**3 + l**2 + l - 1. Let y(h) = p*u(h) + b(h). Calculate y(-4).
3
Let n(j) be the second derivative of 3*j + 1 - 1/20*j**5 - 5/6*j**4 + 1/6*j**3 + 11/2*j**2. Give n(-10).
1
Let x(l) = l**2 - 12*l - 33. Let a be x(14). Let u(y) be the third derivative of -y**4/24 - 5*y**3/3 - 18*y**2. Determine u(a).
-5
Let c(q) = 10*q + 7. Let p(t) = 9*t + 8. Let o(s) = 5*c(s) - 4*p(s). What is o(6)?
87
Let r be (15/21)/((-36)/252). Let b(y) = -13*y - 17. Determine b(r).
48
Let n(i) = -3*i + 29. Let f(u) = 6. Let s(t) = -5*f(t) + n(t). Let p be (30/35)/((-2)/(-14)). Let m be (3/2)/(p/20). Give s(m).
-16
Suppose -35 = -5*g + 65. Suppose -2*w = -0*w + g. Let u be w/(-4)*(-2)/(-1). Let r(f) = 3*f + 1. Determine r(u).
16
Let z(w) = 2*w**2 - 14 - 89*w - 94*w + 273*w - 85*w. Give z(-6).
28
Suppose -q - 2*p = 126, 3*p - 269 - 82 = 3*q. Let z(c) = 4*c**2 - 4*c + 1. Let t be z(6). Let i = q + t. Let y(a) = -a - 1. Determine y(i).
-2
Let t be 2*(4 + (-6)/(-6)). Suppose -t*g - 15 = -105. Let a(z) = z**2 - 2*z**3 - z - 6 + 8*z**2 + z**3. Determine a(g).
-15
Let r(j) = j + 1. Suppose -4*d - 29*w + 16 = -32*w, 0 = -5*d + w + 20. Give r(d).
5
Let k(i) = -5 + 239*i + 2 - 478*i + 241*i. Let f = -460 + 460. Calculate k(f).
-3
Let t(y) = y**2 - 9*y + 10. Let a = -97 - -99. Let s be t(a). Let w(g) = g + 6. Let j(h) = -h - 9. Let o(l) = 5*j(l) + 8*w(l). Calculate o(s).
-9
Let s(m) = m**2 - m + 1. Let q(r) = -r**2 - 23*r + 7. Let k(a) = -q(a) + 2*s(a). Let z be k(-7). Let o(b) = b**2 + 4*b + 2. What is o(z)?
7
Let v(i) = -i**3 - 3*i**2 - i + 6. Let a be (-960)/(-128)*12/45. What is v(a)?
-16
Let z(t) = 7*t**2 - 2*t + 3. Suppose -50*g + 104*g + 139 + 23 = 0. Give z(g).
72
Let f(l) = l**2 - 12*l - 23. Let v = -28410 + 28424. Give f(v).
5
Let i(n) = -n**2 - 19*n - 12. Let k(l) = -2*l**2 - 16*l - 11. Let m(s) = 4*i(s) - 5*k(s). Determine m(-4).
87
Let j(w) = 12*w - 677. Let r(u) = -4*u + 213. Let f(i) = 6*j(i) + 19*r(i). What is f(3)?
-27
Suppose -1071*j + 440 = -1075*j. Let b be (-1)/(-4) + 118/8. Let p be j/b - (-1)/3. Let f(o) = -o**2 - 6*o - 1. What is f(p)?
-8
Let j(q) be the first derivative of 25*q - 2*q**2 + 27*q + 28*q + q**2 - 2 - 86*q. What is j(-7)?
8
Let y(u) = 2*u**3 + 3*u - 2. Let v be y(2). Let d(w) = v + 3*w - 17 - 17. Let j be d(2). Let r(h) = -h - 5. What is r(j)?
3
Let x(u) = -u - 1. Let i(q) = 7*q + 4. Let c(o) = -i(o) - 6*x(o). Let d = 113 - 239. Let g = d + 130. Calculate c(g).
-2
Suppose -3*u + 2*k = -53, 0*u = u + 4*k - 13. Let d = 1519 + -1532. Let f = u + d. Let w(s) = s + 3. Give w(f).
7
Let i be 3 + (9*-6)/(-2). Let u be 0 + i/5 + -2. Let f(g) = g**2 - 6*g + 8. Calculate f(u).
0
Suppose 5*t - 2*f + 10 = 0, 4*f + 2 = -t + 2*f. Let i(z) = 65*z + 4. Let u(x) = -16*x - 1. Let c(q) = t*i(q) - 9*u(q). Calculate c(-2).
-27
Let i = 1492 - 1482. Let w(h) = 2*h**3 - 9*h**2 + 22*h - 5. Let t = -27 - -14. Let f(b) = -b**3 + 5*b**2 - 11*b + 3. Let y(c) = t*f(c) - 6*w(c). Calculate y(i).
1
Let s(o) = o**3 - 29*o**2 - 27*o - 5. Let f(b) = b**3 - 41*b**2 - 289*b + 359. Let q be f(47). What is s(q)?
85
Let i(c) be the third derivative of -c**4/24 - 2*c**3/3 + 2*c**2. Let h be -758*(28/8 + -4). Suppose 382*p = h*p. Give i(p).
-4
Let s(h) be the second derivative of -h**3 - 11*h**2/2 + 2*h - 173. Determine s(-5).
19
Let u(x) be the third derivative of 1/8*x**4 + 0*x - 49*x**2 + 4/3*x**3 + 0. Calculate u(-8).
-16
Let m(q) = 1126*q + 535. Let l(p) = 3168*p + 1605. Let t(v) = -6*l(v) + 17*m(v). Calculate t(4).
1
Let s be (-140)/595*-34 - 1*-13. Let w(m) = -m**3 + 23*m**2 - 42*m - 12. Calculate w(s).
-12
Let o(x) = -x**2 - 65*x - 121. Let a = -1361 - -1298. What is o(a)?
5
Let s(i) be the first derivative of -23*i + 1/2*i**2 + 2/3*i**3 + 1/20*i**5 - 26 - 1/4*i**4. Let v(m) be the first derivative of s(m). Give v(3).
13
Let w(t) = 2. Let m(u) = -u**3 + 7*u**2 + 6*u - 7. Let c(p) = -p**3 + 6*p**2 - 3*p + 17. Let g be c(6). Let s(r) = g*m(r) - 5*w(r). Calculate s(8).
13
Let t = -144 - -147. Let p(l) = -4 + t*l**2 - 5 - 2*l**2. Give p(-4).
7
Suppose -14*z + 2*c = -10*z + 58, 2*z - 3*c = -39. Let n(l) = 2*l + 27. What is n(z)?
3
Suppose 19 = -3*q + k, 5*q + 13 = k - 22. Let g be 4 + (-24)/q + -4. Let f(i) = 2*i**2 - i + 4. Determine f(g).
19
Let s(l) be the first derivative of 3*l**4/2 + l**3/3 + l**2/2 - 29. Let t = -568 - -567. Determine s(t).
-6
Let o be 4 - (65/(-10)*1 - 30/(-20)). Let h(y) = 4*y**2 - 38*y + 21. Calculate h(o).
3
Let m be (7 - 5)*2*21/70*-5. Let g(f) = -2*f**2 - 15*f - 22. Calculate g(m).
-4
Let m(f) = -f**2 + 14*f - 29. Suppose 7*x - 26 = -2*r + 6*x, 2 = -r + 2*x. Calculate m(r).
11
Let z(c) = -c**3 + 5*c**2 - 4*c + 2. Let i(j) = j**3 + 9*j**2 + 17*j + 7. Let h be i(-6). Let q = h - 8. Suppose q*x = -8 + 23. Calculate z(x).
8
Let w(n) be the second derivative of -n**4/6 - 5*n**3/3 + 6*n**2 + 248*n + 1. What is w(-10)?
-88
Let k(j) = -10*j + 530. Let m(z) = -71*z + 3180. Let w(s) = -19*k(s) + 3*m(s). Give w(-23).
-1
Suppose -4*o + 3*j = 10, 53*j - 18 = -3*o + 51*j. Let p(y) be the third derivative of y**6/60 - y**5/60 + y**4/24 + y**3/6 - y**2. Determine p(o).
15
Let w(i) = 5*i - 7. Suppose -35 = 159*d - 166*d. Calculate w(d).
18
Suppose -41*t = -36*t - 230. Suppose 0 = -8*w - t + 94. Let f(p) = 0*p**2 + p - 8 + 6*p - p**2. Calculate f(w).
-2
Let j = -3623 + 3625. Let s(a) be the second derivative of 0 - 1/6*a**3 - 3*a + 0*a**2. Give s(j).
-2
Let l(v) be the first derivative of v**2 + 3*v + 1314. What is l(22)?
47
Let s(u) = 2*u**2 - u + 1. Suppose 28*g - 2610 = -17*g. Let x = 127 + -71. Let o = x - g. What is s(o)?
11
Let b(q) = 7*q**2 - 25 + 4*q**2 + 3*q**2 - 13*q**2. Let x = -729 + 729. Calculate b(x).
-25
Let q(i) = i - 3. Let m be q(6). Let t(h) be the first derivative of 64 + h - 45 + 158 - h**2. Give t(m).
-5
Let x(d) = d**3 - 7*d**2 + d + 9. Let k be x(3). Let s be 42/k*(-12)/3 + -4. Let t(b) = 0*b - 5 - 3*b - b**3 - s*b + 2*b + 7*b**2. What is t(5)?
25
Let h(y) = 42*y**3 + 205*y**2 + 14*y - 48. Let t(i) = -6*i**3 - 30*i**2 - 2*i + 7. Let w(j) = 6*h(j) + 41*t(j). Give w(1).
7
Let z(k) be the second derivative of -k**5/20 - 4*k**4/3 + k**3/6 + 10*k**2 - k. Let u(t) = -2433*t + 85139. Let j be u(35). Give z(j).
4
Suppose 28 = -4*d, y = -209*d + 211*d + 18. Let l(w) = 19*w**2 - 77*w + 7. Determine l(y).
3
Let d(j) = -j**2 + 2*j + 3. Let n(q) = 6*q - 26. Let b be n(-5). Let o = 62 + b. Suppose -o*g = 5*g - 33. Determine d(g).
0
Let l(r) = 6*r**2 + 13*r + 17. Let t(j) = -5*j**2 - 12*j - 15. Let y be (-12)/(-4 + -5 + 2 - -5). Let m(n) = y*l(n) + 7*t(n). What is m(6)?
-3
Let s(g) = -g + 8. Let w be s(8). Let h be 0 - (w/8 + 4/(-1)). Let k(x) = -5 - h*x + x + 7 + 7. What is k(9)?
-18
Let q(d) = d**2 - 5*d + 3. Suppose 2*b + 6*b = 4*b. Let v be b - -1 - (-15)/5*1. Give q(v).
-1
Let y(